s 5100529949 a prime number?
True
Is 76909829401 composite?
True
Is 17082086123 a composite number?
True
Is 910148047 a composite number?
False
Is 21380450591 prime?
True
Is 1322231327 composite?
False
Is 3048449513 prime?
True
Is 1219003651 a composite number?
True
Is 254092018 composite?
True
Is 414651129 prime?
False
Is 114134974141 a prime number?
False
Is 151569806291 a prime number?
True
Is 17601030014 a composite number?
True
Is 2533207147 a prime number?
True
Is 2678474839 prime?
False
Is 14672097511 a composite number?
False
Is 4842879623 a prime number?
True
Is 4055822083 a prime number?
True
Is 436875953 composite?
True
Is 61073407223 composite?
True
Is 803619001 composite?
False
Is 285161759 a prime number?
True
Is 1171428431 a prime number?
True
Is 546614605 a composite number?
True
Is 4539233021 prime?
True
Is 155062636661 composite?
True
Is 19074545623 a prime number?
False
Is 286525078279 prime?
False
Is 3169030133 prime?
True
Is 257346653 a prime number?
True
Is 16119077677 a composite number?
False
Is 37818515201 a composite number?
False
Is 8615340841 a composite number?
False
Is 25908671917 a composite number?
True
Is 39226582379 prime?
True
Is 4965750883 prime?
False
Is 1198172137 prime?
True
Is 3449646379 prime?
True
Is 9043566863 composite?
True
Is 16523916638 composite?
True
Is 4971574759 a composite number?
True
Is 823869973 prime?
True
Is 41878169017 composite?
False
Is 13171854119 a composite number?
False
Is 304356509 prime?
False
Is 14155996739 a composite number?
False
Is 1385719301 a composite number?
True
Is 2359641371 a prime number?
True
Is 501406151 a composite number?
False
Is 18559214771 a prime number?
False
Is 23748284243 a composite number?
True
Is 18964531 prime?
False
Is 384911357 composite?
False
Is 5926636933 composite?
True
Is 35354959 composite?
False
Is 125645404333 composite?
True
Is 320286229 a composite number?
False
Is 5589568673 prime?
False
Is 51320727589 prime?
True
Is 105394173 composite?
True
Is 4279424081 a composite number?
False
Is 40419148477 a composite number?
True
Is 33104248357 composite?
True
Is 21402132359 a composite number?
True
Is 8301213491 composite?
False
Is 3066586539 a composite number?
True
Is 506655953 a prime number?
False
Is 64747819 a composite number?
False
Is 8572556009 a composite number?
False
Is 22903240109 a prime number?
False
Is 2385062887 prime?
False
Is 55927633 a prime number?
True
Is 4414287491 a composite number?
False
Is 4822462559 prime?
True
Is 1997441759 a prime number?
True
Is 522453791 a prime number?
False
Is 4327996327 prime?
True
Is 2565174743 composite?
True
Is 32774851199 composite?
False
Is 2723877553 a composite number?
False
Is 21530241067 a prime number?
True
Is 41390131 prime?
True
Is 1086526459 a composite number?
False
Is 27394255199 a prime number?
True
Is 9654389293 composite?
False
Is 2398791631 prime?
True
Is 1531005577 a prime number?
True
Is 10264028269 composite?
True
Is 674680271 composite?
False
Is 157888767931 composite?
True
Is 12278216563 composite?
False
Is 143715361 prime?
True
Is 177006799 composite?
True
Is 8795308289 prime?
False
Is 5993015191 a prime number?
False
Is 1815831397 a prime number?
True
Is 8219639381 prime?
False
Is 289802339 composite?
True
Is 163897697 a prime number?
False
Is 4681725091 a composite number?
False
Is 19246242887 a prime number?
False
Is 454244999 composite?
True
Is 12766722671 a composite number?
False
Is 62043393983 composite?
True
Is 10347116263 a composite number?
True
Is 702055877 prime?
True
Is 21071957741 composite?
True
Is 690472777 a prime number?
True
Is 7315051463 composite?
True
Is 2015629586 a prime number?
False
Is 10872479549 prime?
False
Is 764004179 a prime number?
False
Is 55884067703 a prime number?
True
Is 1916995263 composite?
True
Is 19991397379 prime?
False
Is 72022417 composite?
False
Is 7855879089 a prime number?
False
Is 11330953 a composite number?
False
Is 6293066531 composite?
False
Is 1541913089 a composite number?
False
Is 529117181 composite?
True
Is 7964615 composite?
True
Is 59458715278 a prime number?
False
Is 15874399 a prime number?
False
Is 6211538587 composite?
False
Is 73490233717 a prime number?
False
Is 42237964709 prime?
True
Is 750740629 a composite number?
True
Is 95482458767 a prime number?
False
Is 238210001 prime?
False
Is 106448415037 prime?
True
Is 4652016689 a prime number?
True
Is 8853325069 composite?
False
Is 606703271 a prime number?
True
Is 4428442471 a prime number?
False
Is 431132887 composite?
False
Is 420362963 prime?
True
Is 165863458823 a prime number?
True
Is 3884210851 a prime number?
True
Is 37635625057 composite?
False
Is 11797660261 composite?
False
Is 2988113 prime?
False
Is 1078118627 composite?
False
Is 37816584463 a composite number?
True
Is 14772554881 a composite number?
True
Is 1885265929 a prime number?
True
Is 2501685973 prime?
True
Is 2001990667 composite?
False
Is 14975766907 prime?
False
Is 1055286179 composite?
False
Is 4234652333 prime?
True
Is 320456663 a prime number?
True
Is 2729096453 a prime number?
False
Is 1125451469 a prime number?
False
Is 4077200051 a composite number?
False
Is 2367877583 composite?
True
Is 85670349827 prime?
True
Is 152278150727 composite?
True
Is 1587632141 composite?
True
Is 7407856663 prime?
True
Is 1949561963 a prime number?
False
Is 2346574037 a prime number?
True
Is 7330259078 prime?
False
Is 5729709145 a composite number?
True
Is 433647829 prime?
True
Is 482172841 composite?
False
Is 25762041121 composite?
True
Is 12090319193 a composite number?
False
Is 710974037 composite?
False
Is 2718682433 a prime number?
True
Is 18167366509 a composite number?
False
Is 67419224681 composite?
False
Is 21543356837 a composite number?
True
Is 9652206877 prime?
False
Is 1135939063 prime?
False
Is 3886286267 prime?
True
Is 5076458977 composite?
False
Is 398509483 composite?
False
Is 3769100177 a composite number?
True
Is 307813267 a composite number?
False
Is 109132029917 prime?
False
Is 999511213 a prime number?
False
Is 1953879539 prime?
True
Is 3887147077 composite?
True
Is 311544502879 a composite number?
False
Is 25753761689 a prime number?
False
Is 76288237 a prime number?
True
Is 37787481331 a composite number?
False
Is 779208019 composite?
True
Is 2836961485 a prime number?
False
Is 17317654771 composite?
False
Is 325765939 a composite number?
False
Is 1833171907 a prime number?
False
Is 49627898783 prime?
False
Is 1295080403 a composite number?
True
Is 5268248365 a prime number?
False
Is 19103180459 a prime number?
False
Is 482725811 prime?
False
Is 42049728893 a composite number?
False
Is 102571411 a prime number?
False
Is 2410834081 composite?
True
Is 516844487 a composite number?
False
Is 238525673 a composite number?
True
Is 56903884255 a prime number?
False
Is 8457696341 prime?
True
Is 175650869 composite?
True
Is 2708008369 a composite number?
True
Is 98126207317 prime?
False
Is 10218169483 composite?
True
Is 79338122803 a prime number?
False
Is 6255108179 a composite number?
False
Is 9588199519 a prime number?
True
Is 45505564057 composite?
True
Is 305915977 prime?
False
Is 78698167 a prime number?
True
Is 24709930303 prime?
True
Is 151330607 a composite number?
True
Is 3915849673 a composite number?
False
Is 177511729 a composite number?
False
Is 500831671 prime?
False
Is 2376134263 a composite number?
False
Is 165908141881 a composite number?
False
Is 9197688673 prime?
False
Is 72640988491 a composite number?
True
Is 19981434481 composite?
False
Is 3274735897 composite?
False
Is 28950074 a composite number?
True
Is 2365410473 a prime number?
True
Is 229021124965 a prime number?
False
Is 51214991 a prime number?
True
Is 18448022785 a prime number?
False
Is 22646546257 a prime number?
True
Is 965332123 a composite number?
True
Is 3252949057 a prime number?
True
Is 1034888659 prime?
False
Is 193643699 a composite number?
False
Is 67884504685 a prime number?
False
Is 19871527691 composite?
True
Is 3666670373 composite?
True
Is 1849780607 composite?
False
Is 67451003341 prime?
False
Is 4518224783 a composite number?
True
Is 17914759741 a composite number?
True
Is 6506105701 composite?
False
Is 1321444837 a prime number?
True
Is 1315517699 a prime number?
True
Is 4529364821 